.
5
Let c(s) = -s**3 + 12*s**2 - 3*s + 17. Calculate c(12).
-19
Let w(b) = -b**2 - b + 91. What is w(8)?
19
Let r(l) = -l**2 + 44*l + 70. Calculate r(46).
-22
Let l(s) = 3*s**2 + 6. Calculate l(0).
6
Let k(b) = 17*b - 64. Determine k(4).
4
Let y(d) = -d**3 + d + 7. Give y(0).
7
Let n(h) = h**3 + 6*h**2 - 5*h + 4. Determine n(-7).
-10
Let j(z) = -z - 52. What is j(-22)?
-30
Let i(b) = b**2 - 8*b + 15. What is i(5)?
0
Let v(p) = -79*p - 1. Determine v(1).
-80
Let q(x) = -x**3 - 2*x**2 + x - 1. Determine q(-2).
-3
Let d(j) = -16*j - 22. Calculate d(-1).
-6
Let g(t) = 10*t**3 - 6*t**2 + 5*t - 3. What is g(2)?
63
Let v(m) = m**2 + m - 21. Give v(-7).
21
Let w(o) = -o**3 + 3*o**2 + 9. Determine w(4).
-7
Let g(b) = -b**3 - 4*b**2 + 9*b + 2. Calculate g(-5).
-18
Let s(p) = p**3 - 12*p**2 + 4. Give s(12).
4
Let j(h) = -2*h**2 - 13*h - 4. Calculate j(-6).
2
Let n(w) = -w**2 - 11*w - 7. Determine n(-7).
21
Let i(l) = -6*l + 75. What is i(11)?
9
Let w(b) = -9*b - 61. What is w(-6)?
-7
Let o(x) = -x**3 + 5*x**2 + 4*x - 2. Calculate o(3).
28
Let v(b) = -b**2 - 2*b + 12. Calculate v(-4).
4
Let q(o) = 4*o**2 - 5*o + 10. Calculate q(4).
54
Let w(l) = l**2 + 13*l + 7. Give w(-10).
-23
Let s(o) = -o**2 - 12*o + 45. Give s(3).
0
Let c(b) = -3*b - 7. Give c(6).
-25
Let t(p) = -p**3 + 5*p**2 + 3*p + 18. What is t(6)?
0
Let y(q) = -q**2 - 10*q - 23. Calculate y(-13).
-62
Let y(o) = -o**3 - o**2 + o - 1. Give y(3).
-34
Let k(y) = -2*y - 12. Calculate k(-7).
2
Let r(s) = -11*s - 87. Determine r(-8).
1
Let u(d) = d**2 + 4*d - 35. What is u(-8)?
-3
Let j(x) = x**2 + 14*x + 17. Calculate j(-8).
-31
Let s(g) = -g**3 - 28*g**2 - g - 36. Give s(-28).
-8
Let l(p) = p**3 - 6*p**2 + p - 6. Calculate l(6).
0
Let c(y) = y**3 + y**2 - 2. Calculate c(2).
10
Let t(w) = -40*w - 1. What is t(1)?
-41
Let c(u) = u**2 + 3*u + 2. What is c(-2)?
0
Let p(g) = g**2 + 13*g - 11. What is p(-11)?
-33
Let c(q) = 2*q**2 - 37*q - 62. What is c(20)?
-2
Let r(y) = y**3 - 10*y**2 + 14*y + 21. What is r(8)?
5
Let l(i) = -4*i**2 + 2*i + 3. Calculate l(4).
-53
Let q(b) = 19*b + 113. Calculate q(-7).
-20
Let y(u) = u**3 - 11*u**2 + 13*u - 25. Determine y(10).
5
Let o(x) = -x**3 + 18*x**2 + x - 14. Determine o(18).
4
Let q(v) = -v**3 + 13*v**2 - 15*v + 13. Determine q(12).
-23
Let m(i) = -i**3 - 4*i**2 + 8*i + 3. What is m(-5)?
-12
Let m(j) = -6*j + 49. Give m(9).
-5
Let k(t) = -3*t**2 + 24*t + 63. What is k(10)?
3
Let x(u) = -6*u + 7. What is x(7)?
-35
Let m(r) = r**3 + 7*r**2 - 15*r + 25. Determine m(-9).
-2
Let f(b) = 2*b**3 - 2*b**2 - 12*b - 9. Give f(-2).
-9
Let p(u) = 3*u**2 - 4*u - 5. What is p(-2)?
15
Let y(a) = -a**2 - 15*a + 12. Determine y(-18).
-42
Let b(k) = k**3 - 5*k**2 - 17*k - 6. Give b(-2).
0
Let w(p) = -p**3 + 6*p**2 - p - 3. Calculate w(6).
-9
Let i(h) = 2*h + 70. Give i(-33).
4
Let i(t) = -t - 3. Determine i(-1).
-2
Let z(h) = 2*h + 14. Give z(-6).
2
Let q(c) = c**3 + c**2 - 5*c - 5. Determine q(-4).
-33
Let v(l) = 5*l + 92. Determine v(-18).
2
Let v(p) = -p - 13. What is v(-7)?
-6
Let k(n) = -n**3 - n**2 - 2*n + 2. What is k(2)?
-14
Let h(z) = 3*z**2 + z. What is h(2)?
14
Let r(f) = 6*f - 7. What is r(0)?
-7
Let t(m) = m**3 + 15*m**2 + 23*m - 31. Give t(-13).
8
Let n(f) = f**3 - 11*f**2 + 27*f - 7. Determine n(6).
-25
Let g(v) = -11*v - 155. Give g(-14).
-1
Let h(a) = 2*a**3 + 4*a**2 - 2*a - 1. Determine h(2).
27
Let z(x) = -x**3 + 10*x**2 + x + 6. What is z(10)?
16
Let h(a) = a - 40. Calculate h(-15).
-55
Let u(w) = 9*w**3 + 2*w**2 + 4*w + 5. What is u(-2)?
-67
Let i(a) = a**3 - 8*a**2 - 5*a. Give i(8).
-40
Let c(p) = -p**3 + 9*p**2 - 4*p - 2. What is c(8)?
30
Let p(j) = -2*j**2 - 32*j + 20. Calculate p(-17).
-14
Let c(j) = -3*j + 14. Determine c(0).
14
Let h(q) = q**3 - 7*q**2 + 7*q + 4. Give h(6).
10
Let p(o) = o**3 + 5*o**2 + 6*o + 4. Give p(-3).
4
Let n(o) = -o**2 - 3*o + 40. Determine n(7).
-30
Let z(a) = a - 45. Give z(15).
-30
Let q(h) = -h**3 + 2*h**2 + 17*h - 6. Give q(5).
4
Let j(x) = x**3 + 9*x**2 + 9*x - 4. Calculate j(-5).
51
Let x(l) = -l**3 - 17*l**2 + 10*l - 38. Give x(-18).
106
Let i(h) = 48*h - 328. Calculate i(7).
8
Let s(y) = -y + 13. Give s(12).
1
Let r(m) = -m**2 + 7*m - 9. Determine r(4).
3
Let p(n) = 4*n - 8. Calculate p(6).
16
Let l(n) = n - 2. Determine l(5).
3
Let t(z) = -z**2 + 5*z + 4. Determine t(3).
10
Let d(f) = 4*f**2 + 13*f + 10. Determine d(-5).
45
Let h(b) = -b**3 + 13*b**2 - 12*b - 7. Determine h(12).
-7
Let u(r) = r**3 + 12*r**2 + 2*r + 20. Calculate u(-12).
-4
Let n(x) = 10*x**2 - 59*x + 6. Determine n(6).
12
Let w(c) = -6*c - 3. What is w(2)?
-15
Let c(y) = y**3 + 9*y**2 + 7*y + 15. Give c(-8).
23
Let u(j) = -2*j**3 + 27*j**2 - 38*j + 10. Give u(12).
-14
Let i(y) = -y**3 + 8*y**2 - 2. What is i(8)?
-2
Let g(v) = -30*v - 1026. What is g(-34)?
-6
Let v(q) = q**2 - 14*q + 2. Give v(14).
2
Let q(r) = -4*r - 86. What is q(-21)?
-2
Let l(u) = -8*u**3 - u**2 - 2*u + 1. Give l(1).
-10
Let k(a) = a**3 + 17*a**2 + 25*a - 67. Calculate k(-15).
8
Let b(u) = -11*u + 56. Calculate b(5).
1
Let c(f) = -24*f - 6. Give c(-5).
114
Let y(q) = -q**2 + 8*q - 3. Give y(7).
4
Let k(r) = -13*r - 1. Calculate k(1).
-14
Let b(u) = -7*u**2 + 9*u - 25. What is b(4)?
-101
Let s(p) = 3*p**2 + 2*p + 1. Determine s(-1).
2
Let p(l) = l**3 + 7*l**2 + 8*l + 14. What is p(-6)?
2
Let p(z) = -z**2 - 9*z - 3. Calculate p(-6).
15
Let k(z) = 2*z**2 - 48*z + 68. Determine k(23).
22
Let d(p) = -2*p - 1. Calculate d(-14).
27
Let w(h) = h**2 + 3*h - 4. Determine w(4).
24
Let t(k) = -k**2 - 2*k - 32. Give t(-13).
-175
Let u(j) = -2*j**2 + 6*j. Calculate u(4).
-8
Let v(n) = -6*n**2 - 2*n. Calculate v(1).
-8
Let t(k) = 2*k + 54. Calculate t(0).
54
Let r(g) = 2*g - 18. Determine r(6).
-6
Let v(g) = g**3 - 9*g**2 + 4*g - 21. What is v(4)?
-85
Let s(x) = -x**3 + 8*x**2 + 5*x + 20. Calculate s(9).
-16
Let w(p) = p**3 - 60. Calculate w(0).
-60
Let f(n) = n**3 + 6*n**2 + 2*n + 6. Calculate f(-6).
-6
Let m(s) = -s**3 + 6*s**2 + 8*s - 10. Give m(7).
-3
Let i(v) = -v - 8. What is i(0)?
-8
Let w(l) = -l**3 - 3*l**2 - 2*l - 5. What is w(-3)?
1
Let i(c) = c**2 - 19*c + 6. Determine i(13).
-72
Let l(y) = -y**2 + y + 8. Calculate l(6).
-22
Let f(t) = 116*t. Give f(1).
116
Let g(h) = h**3 + h**2 - 1. Calculate g(-2).
-5
Let j(w) = -4*w - 3. Calculate j(6).
-27
Let v(b) = -b**3 + 9*b**2 - 10*b - 5. Give v(8).
-21
Let b(y) = y**2 - 20*y - 62. Give b(23).
7
Let b(o) = o**3 + 9*o**2 + 17*o + 17. What is b(-7)?
-4
Let i(d) = d - 14. Calculate i(6).
-8
Let y(k) = -k**3 - 6*k**2 + 22*k + 43. What is y(-8)?
-5
Let h(a) = a**3 - 4*a**2 - 6*a + 3. Calculate h(5).
-2
Let m(l) = -l**3 - 4*l**2 + 13*l + 4. Give m(-5).
-36
Let c(a) = 31*a**2 - 2*a + 1. Determine c(1).
30
Let m(x) = x**3 + 3*x**2 + 5*x + 11. Determine m(-3).
-4
Let s(o) = o**2 + 15*o - 26. Calculate s(-14).
-40
Let y(b) = b**3 + 4*b**2 + b + 33. Calculate y(-5).
3
Let r(m) = -m - 10. Determine r(3).
-13
Let j(a) = 2*a**3 - 3*a**2 - 7*a + 16. What is j(2)?
6
Let o(c) = 10*c + 78. Calculate o(-8).
-2
Let c(h) = -h**2 - 4*h + 19. Give c(-4).
19
Let g(k) = k**3 - 36*k**2 + k - 44. Calculate g(36).
-8
Let m(l) = 5*l + 82. Determine m(-22).
-28
Let c(q) = 2*q + 1. Determine c(8).
17
Let v(n) = 2*n**3 + 8*n**2 + 8*n + 4. Give v(-3).
-2
Let w(h) = h**3 + 9*h**2 + 4. Calculate w(-9).
4
Let n(g) = g**3 - 6*g**2 + 2*g + 1. What is n(6)?
13
Let f(z) = -z**3 - 39*z - 5. Determine f(0).
-5
Let x(g) = g**3 + 10*g**2 + 9*g + 5. Calculate x(-9).
5
Let w(o) = 2*o + 9. Give w(3).
15
Let z(o) = o**3 - 9*o**2 + 7*o + 16. Calculate z(8).
8
Let j(i) = 2*i - 2. Determine j(1).
0
Let b(t) = -t**3 + 8*t**2 - 3*t - 30. Determine b(7).
-2
Let o(v) = -v**2 - 7*v - 3. Give o(-4).
9
Let q(m) = -m + 3. Determine q(4).
-1
Let i(g) = g**3 + 3*g**2 + 4*g + 6. Calculate i(-2).
2
Let f(a) = 112*a + 220. Determine f(-2).
-4
Let w(i) = i**3 + 10*i - 2. Calculate w(3).
55
Let t(x) = -x**3 - 2*x**2 + 3*x + 17. Determine t(-5).
77
Let i(s) = -27*s + 110. Calculate i(4).
2
Let x(i) = -i**2 - 18*i + 4. Calculate x(-15).
49
Let x(g) = -g + 13. Give x(10).
3
Let r(q) = -3*q**2 + 1. Give r(3).
-26
Let c(y) = 15*y + 15. Give c(6).
105
Let w(h) = -h**3 - h**2 + 15. Determine w(0).
15
Let f(x) = x**3 + 7*x**2 - 6*x + 10. What is f(-8)?
-6
Let q(f) = 4*f**2 - 12*f - 1. Calculate q(6).
71
Let z(r) =